 by h?
1
Let s be 2 - 2 - 0/(-1). Suppose 4*w - 2*d - 70 = s, 3*w - d - 52 = d. Let p = -4267 - -4392. Calculate the remainder when p is divided by w.
17
What is the remainder when 8120/12 - (-91)/39 is divided by 17?
16
Let k(h) = -6*h**3 + 2*h**2 + 5*h - 12. Let a(x) = 19*x**3 - 5*x**2 - 15*x + 36. Let w(v) = 3*a(v) + 8*k(v). Calculate the remainder when w(3) is divided by 36.
33
Let d(n) be the first derivative of -3/2*n**2 - 13 + 0*n. Calculate the remainder when 26 is divided by d(-1).
2
Suppose -4*n + 22 = -k, -3*k - 42 - 17 = -5*n. Let a = k + 77. Let g = a + -18. What is the remainder when g is divided by 16?
9
Suppose -252*h = -93*h - 10176. What is the remainder when 3710 is divided by h?
62
Let n = 544 - 526. What is the remainder when 414 is divided by n - 0 - 4*(-1)/4?
15
Let p(n) = -123*n**3 - 3*n**2 - 12*n + 13. Let q(v) = 41*v**3 + v**2 + 4*v - 5. Let y(i) = 4*p(i) + 11*q(i). What is the remainder when y(-1) is divided by 4?
1
Let d = 14228 - 14198. Calculate the remainder when 496 is divided by d.
16
Suppose 36*o + 43*o - 103 = 213. Calculate the remainder when 3482 is divided by o.
2
Let x be -2 + (-6 - -5) + 2. Calculate the remainder when 293 - (x + (3 - 3)) is divided by 59.
58
Suppose 10*q + 14 = 34. Suppose 4*d - 271 = -5*l, -q*d - l + 40 = -97. What is the remainder when d is divided by 9?
6
Calculate the remainder when 192 is divided by 66 - 0*7/49.
60
Let z(c) be the second derivative of c**4/12 + 25*c**3/6 + 15*c**2 + 2*c - 4. Calculate the remainder when z(-25) is divided by 19.
11
Suppose 177 + 417 = 9*t. Suppose t*n = 50*n + 80. What is the remainder when 33 is divided by n?
3
Let k(x) = -18*x - 3. Let p be 165/44*(-80)/6. What is the remainder when p/(-100)*(125 - -1) is divided by k(-2)?
30
Let v(w) = w**2 - 19*w - 52. Suppose 343 = 3*y - 3*z + 5*z, y + 3*z - 105 = 0. Calculate the remainder when y is divided by v(23).
37
Suppose -3*o + s = -19097, 2*o - 7*o = 2*s - 31821. Calculate the remainder when o is divided by 32.
29
What is the remainder when ((-1096672)/4128)/(2/6*-1) is divided by 270?
257
Let w(t) = 863*t - 6701. What is the remainder when w(9) is divided by 35?
16
Let x(v) = 2*v**2 - 22*v - 13. Let u be (4/(-10))/((-1)/(-5)) - 0. Calculate the remainder when (-33)/55 - ((-446)/10 - u) is divided by x(12).
9
What is the remainder when (-3 + 1 - -3)/((7 + -14)/(-2114)) is divided by 9?
5
Let n(l) = -2*l + 45. Suppose 5*p - k - 218 = -2*k, 2*p - 74 = 4*k. Suppose 8*h - 13 - p = 0. Calculate the remainder when n(h) is divided by 5.
1
Let h(z) = -10*z**2 - 5*z + 18. Let t be h(-4). Let i = -79 - t. Calculate the remainder when i is divided by 5.
3
Let u(z) = -z**2 + 15*z - 24. Let i be u(6). Suppose -i*o + 372 = o. What is the remainder when 43 is divided by o?
7
Suppose -22*p - 22488 = -43498. What is the remainder when p is divided by 52?
19
Let w(j) = 106*j**3 + 2*j**2 + 14*j - 15. Calculate the remainder when w(1) is divided by 12.
11
Suppose 83*d - 5497 = -849. What is the remainder when 93 is divided by d?
37
Let p = 28 - 14. Let r(v) = v**2 + 89*v + 454. What is the remainder when r(-84) is divided by p?
6
Suppose 92*c = -91 + 1011. Calculate the remainder when (1 + 2 - -66) + -1 is divided by c.
8
Let c(a) = 4*a**2 - 67*a + 51. Calculate the remainder when 1287 is divided by c(17).
63
Let n be (-12)/(-1 + 4) + 3 + 6. Suppose -3256 = n*b - 13*b. Calculate the remainder when b is divided by 51.
50
Let a be 2 - 8*(0 + 30)/(-3). Suppose s - 2*s = a. Let u = 116 + s. What is the remainder when u is divided by 10?
4
Let s = -158 + 228. Let g(f) = 49*f - 95. Calculate the remainder when s is divided by g(2).
1
Let a = 49 + -49. Suppose b + 5*u = 25, a = -4*b + u - 5*u + 36. Suppose 2*m - b*x = 46, 3*m - 5*x - 7 = 4*m. Calculate the remainder when 50 is divided by m.
11
Let y(q) = 8*q - 37. Let h(o) = -o**3 + 6*o**2 + 6. Let k be h(6). What is the remainder when 38 is divided by y(k)?
5
Let x = -792 + 865. Calculate the remainder when 217 is divided by x.
71
Let d(m) = -13*m + 5*m**2 + 8*m**2 + 2*m**2 - 10 + m**3 + 26*m. Let x be d(-14). Calculate the remainder when x/10 + 1509/15 is divided by 26.
23
Suppose -2*b = q - 229, 52*b - 569 = 47*b - 3*q. What is the remainder when 445 is divided by b?
91
Let b = -4 + 10. Let z = 33542 + -33304. Calculate the remainder when z is divided by b.
4
Calculate the remainder when 260 is divided by 6 - (2/(-6))/((-2)/12).
0
Let j(c) = 6*c - 2. Calculate the remainder when ((-1302)/4)/(1393/(-398)) is divided by j(3).
13
Let s(b) = -b**2 - 14*b. Let c be s(-8). Let h be 16/c - (-1774)/6. Suppose 861 + h = 13*k. What is the remainder when k is divided by 15?
14
Suppose 3*r = 83 - 527. Let w = r - -287. What is the remainder when w is divided by 35?
34
Suppose x + p - 69 = 2*p, 4*p = 5*x - 347. Let d = x + 3. Suppose -165 - 144 - 699 = -48*m. What is the remainder when d is divided by m?
11
Suppose 5*l - w - 95 = 88, -l - 5*w + 47 = 0. Calculate the remainder when l is divided by 13.
11
Suppose 126*f - 124038 = -40626. Calculate the remainder when f is divided by 21.
11
Suppose 0 = -2*o + 3*m - 7*m + 70, -o = 3*m - 39. Let t = -674 + 727. What is the remainder when t is divided by o?
26
Let h be (3 - 10/4)*-10. Calculate the remainder when 52 is divided by -29*(-6 - (h + 0)).
23
Suppose -2254 = -193*k + 8747. Calculate the remainder when 98 is divided by k.
41
Suppose -4*j = -0*j - 520. Suppose -5*k = 5*w + j, 2*w + 58 = k - 6*k. Let t = w - -29. What is the remainder when 19 is divided by t?
4
Let g be (-3 + -303)*16/(-6). Let k = g + -758. Calculate the remainder when k is divided by 20.
18
Let n be (-14)/(-35) - (-136)/10. What is the remainder when ((-210)/(-12) + 1 + -1)*n is divided by 8?
5
Let p = 83 - 26. What is the remainder when p is divided by 1323/4410 - (-3)/(90/381)?
5
Let d = -50 - -74. Let g(h) = 2*h**2 + 16*h - 11. Calculate the remainder when g(-13) is divided by d.
23
Suppose -11*k - 18*k = 2813. Let l be (232/(-2))/(-1) + -3. Let z = k + l. Calculate the remainder when 56 is divided by z.
8
Suppose 5*p = -y + 6, 106*y - 108*y + 18 = 4*p. Calculate the remainder when 2252 is divided by y.
8
Suppose -4*y + 1746 = -1574 - 1116. What is the remainder when y is divided by 192?
149
What is the remainder when ((-18585)/9 + -10)*18/(-30) is divided by 45?
30
Suppose 6*m = 10*m - 16. Suppose -m*i - j = -6*i + 16, i + 10 = -4*j. What is the remainder when (9*(-1 - 0))/(-1) is divided by i?
3
Suppose 75*p = 80*p - 85. Let t(d) = -d**3 - 6*d**2 + d + 8. Let s be t(-6). Suppose 0 = -h - s + p. What is the remainder when 15 is divided by h?
0
Suppose -4913 - 2989 = -5*z - m, 3*z - 5*m = 4730. What is the remainder when z is divided by 119?
33
Suppose -3*n - 135 = 3*r, -2*n + 0*n - 94 = r. Let p = n - -84. Calculate the remainder when 133 is divided by p.
28
What is the remainder when (-18920)/(-64) - (-3)/8 is divided by 37?
0
Calculate the remainder when 483 is divided by 1104/(-9)*2187/(-972).
207
What is the remainder when 2591 is divided by (-1 - -188)*((-3)/9)/(2/(-6))?
160
Suppose -3*q = 4*q - 231. Let z = 590 + q. Suppose -z = -10*o + 137. Calculate the remainder when o is divided by 13.
11
Suppose 0 = 21*g - 22*g + 26. Calculate the remainder when 1065 is divided by g.
25
Let v(j) = -2*j**2 - 32*j - 104. Let h be v(-23). What is the remainder when 137 is divided by 1/(40/(-16)) - h/15?
25
What is the remainder when (5*13)/((-2)/(-24)) + (464 - 461) is divided by 7?
6
Let x be 2/2*0/(-4). Suppose t - 272 = -4*l + l, x = -5*t + 25. Suppose 2*k = 4*f + 312, -k + 70 = f - l. Calculate the remainder when k is divided by 40.
38
Let n = 8 - 8. Suppose n = -c + 53 + 36. What is the remainder when c is divided by ((-12)/(-28))/((-6)/(-210))?
14
Let g = -26 + 91. Let x = 94 - g. What is the remainder when 109 is divided by x?
22
Let w(h) = -h**3 + 16*h**2 + 38*h + 21. What is the remainder when 618 is divided by w(18)?
48
Suppose 2*u - 286 = 5*i, -5*u = -6*i - 640 - 49. What is the remainder when 280 is divided by u?
14
Let o(b) = 4*b + 35. Let n be o(-8). Suppose 0*r - 177 = -n*r. Calculate the remainder when r is divided by 4.
3
Suppose 2*u - 89 - 21 = 0. Calculate the remainder when u is divided by ((-1)/(-4))/(((-514)/(-32) - 16)/2).
7
Let l(p) = 3*p**2 + 14